{"id":4530,"date":"2021-10-01T14:56:51","date_gmt":"2021-10-01T14:56:51","guid":{"rendered":"https:\/\/playerx.qodeinteractive.com\/elementor\/?page_id=4530"},"modified":"2022-04-12T05:42:55","modified_gmt":"2022-04-12T05:42:55","slug":"faq-page","status":"publish","type":"page","link":"https:\/\/hardtimes.gg\/?page_id=4530","title":{"rendered":"FAQ"},"content":{"rendered":"\t\t<div data-elementor-type=\"wp-page\" data-elementor-id=\"4530\" class=\"elementor elementor-4530\">\n\t\t\t\t\t\t\t\t\t<section class=\"elementor-section elementor-top-section elementor-element elementor-element-1001fe1 elementor-section-full_width edgtf-elementor-row-grid-section elementor-section-height-default elementor-section-height-default edgtf-parallax-row-no edgtf-row-with-shadow-disabled edgtf-content-aligment-left\" data-id=\"1001fe1\" data-element_type=\"section\">\n\t\t\t\t\t\t<div class=\"elementor-container elementor-column-gap-default\">\n\t\t\t\t\t<div class=\"elementor-column elementor-col-100 elementor-top-column elementor-element elementor-element-e650197\" data-id=\"e650197\" data-element_type=\"column\">\n\t\t\t<div class=\"elementor-widget-wrap elementor-element-populated\">\n\t\t\t\t\t\t\t\t<div class=\"elementor-element elementor-element-ffc4a61 elementor-widget elementor-widget-edgtf_accordion\" data-id=\"ffc4a61\" data-element_type=\"widget\" data-widget_type=\"edgtf_accordion.default\">\n\t\t\t\t<div class=\"elementor-widget-container\">\n\t\t\t\n\t\t<div class=\"edgtf-accordion-holder edgtf-ac-default  edgtf-accordion edgtf-ac-simple  clearfix\">\n\t\t\t<p class=\"edgtf-accordion-title\">\n\t<span class=\"edgtf-tab-title\">Na czym b\u0119dzie si\u0119 opiera\u0107 Ta Gra?<\/span>\n    <span class=\"edgtf-accordion-mark\">\n\t\t<span class=\"edgtf_icon_plus icon_plus\"><\/span>\n\t<\/span>\n<\/p>\n<div class=\"edgtf-accordion-content\">\n\t<div class=\"edgtf-accordion-content-inner\">\n\t\t<p>HardTimes to strategiczna gra turowa oparta na \u015bwiecie w klimacie Epic Fantasy z naciskiem na PvP.<\/p><p>Gracze b\u0119d\u0105 tworzyli armie, rozwijali bohater\u00f3w, dobierali artefakty oraz zakl\u0119cia i rozgrywali ze sob\u0105 bitwy na r\u00f3\u017cnych polach bitewnych.<\/p><p>Na ten moment tyle mo\u017cna zdradzi\u0107.<\/p>\t<\/div>\n<\/div>\t\t<\/div>\n\t\t\t\t<\/div>\n\t\t\t\t<\/div>\n\t\t\t\t\t<\/div>\n\t\t<\/div>\n\t\t\t\t\t\t\t<\/div>\n\t\t<\/section>\n\t\t\t\t\t\t\t<\/div>\n\t\t","protected":false},"excerpt":{"rendered":"<p>Na czym b\u0119dzie si\u0119 opiera\u0107 Ta Gra? HardTimes to strategiczna gra turowa oparta na \u015bwiecie w klimacie Epic Fantasy z naciskiem na PvP. Gracze b\u0119d\u0105 tworzyli armie, rozwijali bohater\u00f3w, dobierali artefakty oraz zakl\u0119cia i rozgrywali ze sob\u0105 bitwy na r\u00f3\u017cnych polach bitewnych. Na ten moment tyle mo\u017cna zdradzi\u0107.<\/p>\n","protected":false},"author":1,"featured_media":0,"parent":0,"menu_order":0,"comment_status":"closed","ping_status":"closed","template":"full-width.php","meta":{"footnotes":""},"class_list":["post-4530","page","type-page","status-publish","hentry"],"_links":{"self":[{"href":"https:\/\/hardtimes.gg\/index.php?rest_route=\/wp\/v2\/pages\/4530","targetHints":{"allow":["GET"]}}],"collection":[{"href":"https:\/\/hardtimes.gg\/index.php?rest_route=\/wp\/v2\/pages"}],"about":[{"href":"https:\/\/hardtimes.gg\/index.php?rest_route=\/wp\/v2\/types\/page"}],"author":[{"embeddable":true,"href":"https:\/\/hardtimes.gg\/index.php?rest_route=\/wp\/v2\/users\/1"}],"replies":[{"embeddable":true,"href":"https:\/\/hardtimes.gg\/index.php?rest_route=%2Fwp%2Fv2%2Fcomments&post=4530"}],"version-history":[{"count":9,"href":"https:\/\/hardtimes.gg\/index.php?rest_route=\/wp\/v2\/pages\/4530\/revisions"}],"predecessor-version":[{"id":6312,"href":"https:\/\/hardtimes.gg\/index.php?rest_route=\/wp\/v2\/pages\/4530\/revisions\/6312"}],"wp:attachment":[{"href":"https:\/\/hardtimes.gg\/index.php?rest_route=%2Fwp%2Fv2%2Fmedia&parent=4530"}],"curies":[{"name":"wp","href":"https:\/\/api.w.org\/{rel}","templated":true}]}}